{"id":179,"date":"2024-03-15T15:51:06","date_gmt":"2024-03-15T14:51:06","guid":{"rendered":"https:\/\/helene-psy-cevennes.fr\/?page_id=179"},"modified":"2024-03-15T15:51:06","modified_gmt":"2024-03-15T14:51:06","slug":"profession-reglementee","status":"publish","type":"page","link":"https:\/\/helene-psy-cevennes.fr\/index.php\/profession-reglementee\/","title":{"rendered":"Profession r\u00e9glement\u00e9e"},"content":{"rendered":"\n<ul class=\"wp-block-list\">\n<li><strong>R\u00e8gles professionnelles applicables pour l&rsquo;activit\u00e9 r\u00e9glement\u00e9e de psychologue\u00a0<\/strong>: en France, l\u2019<a href=\"https:\/\/www.legifrance.gouv.fr\/affichTexteArticle.do?cidTexte=JORFTEXT000000317523&amp;idArticle=LEGIARTI000006756923&amp;dateTexte=&amp;categorieLien=cid\">article 44 de la loi du 25 juillet 1985<\/a>\u00a0r\u00e8glemente l\u2019usage professionnel du titre de psychologue. Une personne est autoris\u00e9e de plein droit \u00e0 en faire usage lorsqu\u2019elle a valid\u00e9 \u00ab\u00a0une formation universitaire fondamentale et appliqu\u00e9e de haut niveau en psychologie\u00a0\u00bb fix\u00e9e par d\u00e9cret (<a href=\"https:\/\/www.legifrance.gouv.fr\/affichTexte.do?cidTexte=LEGITEXT000006075598\">D\u00e9cret n\u00b0 90-255 du 22 mars 1990<\/a>) \u00e0 savoir la validation d&rsquo;une licence de psychologie et d&rsquo;un master de psychologie comportant un stage professionnel.<\/li>\n\n\n\n<li><strong>Titre professionnel :<\/strong> Titres de Psychologue et de Psychoth\u00e9rapeute.<\/li>\n\n\n\n<li><strong>\u00c9tat membre dans lequel a \u00e9t\u00e9 octroy\u00e9 le titre professionnel :<\/strong> France<\/li>\n\n\n\n<li><strong>Organisme professionnel aupr\u00e8s duquel l&rsquo;activit\u00e9 est inscrite<\/strong> : inscrite au r\u00e9pertoire ADELI et au registre national des psychoth\u00e9rapeutes de l&rsquo;ARS Occitanie. N\u00b0 ADELI : 309313138.<\/li>\n<\/ul>\n","protected":false},"excerpt":{"rendered":"","protected":false},"author":1,"featured_media":0,"parent":0,"menu_order":0,"comment_status":"closed","ping_status":"closed","template":"","meta":{"footnotes":""},"class_list":["post-179","page","type-page","status-publish","hentry"],"_links":{"self":[{"href":"https:\/\/helene-psy-cevennes.fr\/index.php\/wp-json\/wp\/v2\/pages\/179","targetHints":{"allow":["GET"]}}],"collection":[{"href":"https:\/\/helene-psy-cevennes.fr\/index.php\/wp-json\/wp\/v2\/pages"}],"about":[{"href":"https:\/\/helene-psy-cevennes.fr\/index.php\/wp-json\/wp\/v2\/types\/page"}],"author":[{"embeddable":true,"href":"https:\/\/helene-psy-cevennes.fr\/index.php\/wp-json\/wp\/v2\/users\/1"}],"replies":[{"embeddable":true,"href":"https:\/\/helene-psy-cevennes.fr\/index.php\/wp-json\/wp\/v2\/comments?post=179"}],"version-history":[{"count":1,"href":"https:\/\/helene-psy-cevennes.fr\/index.php\/wp-json\/wp\/v2\/pages\/179\/revisions"}],"predecessor-version":[{"id":180,"href":"https:\/\/helene-psy-cevennes.fr\/index.php\/wp-json\/wp\/v2\/pages\/179\/revisions\/180"}],"wp:attachment":[{"href":"https:\/\/helene-psy-cevennes.fr\/index.php\/wp-json\/wp\/v2\/media?parent=179"}],"curies":[{"name":"wp","href":"https:\/\/api.w.org\/{rel}","templated":true}]}}